{"id":335,"date":"2021-04-27T18:13:43","date_gmt":"2021-04-27T21:13:43","guid":{"rendered":"http:\/\/localhost\/sitios\/suma360.agencia.2021\/?page_id=335"},"modified":"2021-04-29T10:17:06","modified_gmt":"2021-04-29T13:17:06","slug":"servicios","status":"publish","type":"page","link":"http:\/\/suma360.com\/agencia\/servicios\/","title":{"rendered":"Servicios"},"content":{"rendered":"<h2>\u00bfQUE HACEMOS?<\/h2>\n<h4 style=\"text-align: center;\">Creamos experiencias que ayudan a nuestros clientes a llegar a su p\u00fablico objetivo.<\/h4>\n<ul>\n<li>\n<h3 style=\"\">CONSULTOR\u00cdA<\/h3>\n<p style=\"\">Orientamos a nuestros clientes para poder cumplir sus desaf\u00edos comunicacionales. Entendemos sus problem\u00e1ticas y trabajamos sobre la estrategia y las diferentes t\u00e1cticas.<\/p>\n<\/li>\n<li>\n<h3 style=\"\">BRANDING<\/h3>\n<p style=\"\">Vemos a la marca de un modo estrat\u00e9gico, y nos enfocamos en identificar y aumentar su valor tanto para el cliente.<\/p>\n<\/li>\n<li>\n<h3 style=\"\">CAMPA\u00d1AS<\/h3>\n<p style=\"\">Desarrollamos desde acciones one-shot focalizadas hasta sistemas de comunicaci\u00f3n complejos que abarcan acciones integrales con m\u00faltiples medios.<\/p>\n<\/li>\n<li>\n<h3 style=\"\">DIGITAL<\/h3>\n<p style=\"\">Nuestras acciones y campa\u00f1as \u2013que integran variadas tecnolog\u00edas y dispositivos\u2013 buscan la m\u00e1xima creatividad y, a su vez, est\u00e1n 100% orientadas a obtener resultados.<\/p>\n<\/li>\n<\/ul>\n<ul>\n<li>\n<h3 style=\"\">FIDELIZACI\u00d3N<\/h3>\n<p style=\"\">Asesoramos, desarrollamos e implementamos planes de fidelizaci\u00f3n para diversas audiencias: p\u00fablico interno, canales o clientes finales, entre otros.<\/p>\n<\/li>\n<li>\n<h3 style=\"\">CONTENIDO Y DISE\u00d1O<\/h3>\n<p style=\"\">Buscamos entender los diferenciales del negocio para construir mensajes contundentes, mostr\u00e1ndolos de la manera m\u00e1s eficiente, ya sea en una memoria y balance, en un aviso o en una cenefa para un punto de venta.<\/p>\n<\/li>\n<li>\n<h3 style=\"\">ACTIVACIONES<\/h3>\n<p style=\"\">Generamos contactos y experiencias entre los clientes y las marcas en espacios y tiempos no convencionales. Partimos de la idea creativa y gestionamos los recursos para estar siempre alineados a la estrategia de comunicaci\u00f3n.<\/p>\n<\/li>\n<li><a itemprop=\"url\" href=\"http:\/\/suma360.com\/\" target=\"_blank\" rel=\"noopener\"><\/a><br \/>\n<h3 style=\"\">LOCALIZACIONES<\/h3>\n<p style=\"\">Somos proveedores de servicios de traducci\u00f3n y localizaci\u00f3n especializados en el mercado latinoamericano. Ayudamos a empresas internacionales a comunicarse en la regi\u00f3n con sus diferentes audiencias de manera atractiva en su lengua materna y dentro de su contexto cultural.<\/p>\n<\/li>\n<\/ul>\n","protected":false},"excerpt":{"rendered":"<p>\u00bfQUE HACEMOS? Creamos experiencias que ayudan a nuestros clientes a llegar a su p\u00fablico objetivo. CONSULTOR\u00cdA Orientamos a nuestros clientes para poder cumplir sus desaf\u00edos comunicacionales. Entendemos sus problem\u00e1ticas y trabajamos sobre la estrategia y las diferentes t\u00e1cticas. BRANDING Vemos a la marca de un&#8230;<\/p>\n","protected":false},"author":1,"featured_media":0,"parent":0,"menu_order":0,"comment_status":"closed","ping_status":"closed","template":"full_width.php","meta":{"footnotes":""},"class_list":["post-335","page","type-page","status-publish","hentry"],"_links":{"self":[{"href":"http:\/\/suma360.com\/agencia\/wp-json\/wp\/v2\/pages\/335","targetHints":{"allow":["GET"]}}],"collection":[{"href":"http:\/\/suma360.com\/agencia\/wp-json\/wp\/v2\/pages"}],"about":[{"href":"http:\/\/suma360.com\/agencia\/wp-json\/wp\/v2\/types\/page"}],"author":[{"embeddable":true,"href":"http:\/\/suma360.com\/agencia\/wp-json\/wp\/v2\/users\/1"}],"replies":[{"embeddable":true,"href":"http:\/\/suma360.com\/agencia\/wp-json\/wp\/v2\/comments?post=335"}],"version-history":[{"count":45,"href":"http:\/\/suma360.com\/agencia\/wp-json\/wp\/v2\/pages\/335\/revisions"}],"predecessor-version":[{"id":542,"href":"http:\/\/suma360.com\/agencia\/wp-json\/wp\/v2\/pages\/335\/revisions\/542"}],"wp:attachment":[{"href":"http:\/\/suma360.com\/agencia\/wp-json\/wp\/v2\/media?parent=335"}],"curies":[{"name":"wp","href":"https:\/\/api.w.org\/{rel}","templated":true}]}}